 highest common divisor of f and o?
10
Let f(l) = -2*l**2 - 18*l - 10. Let j be f(-4). What is the highest common factor of j and 24?
6
Let x = 34 - 36. Let d be 12*((-5)/(-10) - x). Calculate the highest common factor of 330 and d.
30
Let i = 1649 + -1589. What is the greatest common factor of 190 and i?
10
Suppose -11*r = -6*r - 5. Let i be (-10 - r)/(13/65). Let m = i + 94. Calculate the highest common factor of m and 26.
13
Let f(k) = -k**3 - 18*k**2 + k + 9. Let u be f(-18). Let s be (-3 + 4)/(3/u) - -60. Calculate the greatest common factor of s and 76.
19
Let c be (2/3)/((-10)/(-45)). Suppose 261 = -c*n - 348. Let f = 299 + n. What is the highest common divisor of f and 24?
24
Let n(f) = -9*f - 17. Let d be n(-3). Suppose -4*q - 4*g = -100, -3*q - g - 12 = -87. What is the greatest common divisor of d and q?
5
Let b(j) = j**3 - 49*j**2 - j + 127. Let x be b(49). What is the greatest common divisor of 507 and x?
39
Suppose -5*g - i + 64 = -21, -90 = -5*g - 2*i. Calculate the highest common factor of 164 and g.
4
Suppose -216 + 156 = -3*m. Calculate the highest common divisor of 50 and m.
10
Let w(r) = 2*r**2 - 60*r + 309. Let f be w(6). What is the highest common divisor of f and 49?
7
Let l = 374 - 306. What is the greatest common factor of l and 153?
17
Suppose 8*j = 7*j + 3. Suppose -20*x + 17*x = -j. Calculate the highest common divisor of 1 and x.
1
Let y(o) = 8*o**2 - 35*o + 117. Let v be y(17). What is the highest common factor of v and 14?
14
Suppose -o + 3*w = 2, -6*w + 4 = -2*w. Let x(r) = 57*r**3 - 2*r**2 + 2*r - 1. Let b be x(o). Calculate the highest common divisor of b and 7.
7
Suppose 2388 - 7932 = -33*q. Calculate the greatest common divisor of 105 and q.
21
Let h(a) = 2*a**2 - 2*a. Let f be h(3). Suppose 0 = -4*u - 3*d + 16, 0 = -4*u - d + 3 + 13. Calculate the highest common divisor of f and u.
4
Let m = 647 + -636. Let s = -5 - -10. Suppose s*n - 595 = -5*w, -317 = -5*w + 3*n + 294. What is the greatest common factor of m and w?
11
Let m be (6*(-6)/4)/(-1). Suppose 3*p + 22 = 5*y + 53, 5*p + 5*y + 15 = 0. Suppose 0 = -p*o + 5 + 13. What is the greatest common divisor of o and m?
9
Let m(t) = 2*t**2 - t + 2. Let q be m(2). Suppose q*w = 5*w - 63. Let j be (-2)/(((-3)/w)/(-1)). Calculate the greatest common factor of 98 and j.
14
Let z be (4/((-16)/(-4)))/((-4)/(-28)). Suppose -126 = t - 3*t. What is the highest common factor of t and z?
7
Suppose -2*z + 835 = 3*z - 4*x, 0 = -4*z + 5*x + 659. Suppose -2*w + 6 + 7 = l, 0 = -3*w + l + 32. What is the highest common factor of z and w?
9
Let t = -24 - -22. Let v = -15 + t. Let z = -16 - v. What is the greatest common factor of 4 and z?
1
Let i = -2618 + 2846. What is the greatest common divisor of 190 and i?
38
Let o(d) = -d**2 + 24*d - 89. Let r be o(17). Calculate the greatest common divisor of r and 825.
15
Let k = -49 + 26. Let b = -7 - k. Let m(u) = 5*u**2 - 3*u + 2. Let o be m(1). Calculate the highest common divisor of b and o.
4
Let g be (-15 + -3)*(0 - 1)*3. Calculate the greatest common factor of g and 30.
6
Let l(t) = t**2 - 2*t + 35. Let x be l(0). Suppose r - 182 = -x. Let j = r + -81. What is the greatest common factor of 6 and j?
6
Suppose -2*j - 2*j = 2*v - 8, 8 = -5*v + 4*j. Let n be (6 - 6)/(v - 2). Let s = n - -9. What is the greatest common factor of 63 and s?
9
Let s(m) = 2*m**2 - 7*m - 12. Let r be s(5). Let u(t) = -t + 3. Let p be u(5). Let w be (-55)/(-2) + p/4. Calculate the highest common divisor of w and r.
3
Let q(a) = 17*a**2 + 30*a + 156. Let x be q(-6). Calculate the highest common divisor of x and 168.
84
Let q = -45 + 60. Suppose v - 2*v = 2*y - 45, 5*y = q. Calculate the highest common divisor of v and 13.
13
Let g = 4 - -13. Suppose -2*t = -47 - g. What is the greatest common factor of 16 and t?
16
Let s(m) = -11*m - 15. Let c be s(4). Let l = -51 - c. Calculate the greatest common factor of 2 and l.
2
Suppose -3*l + 12 = r, -4*r + 2*l + 32 = -3*r. Calculate the greatest common factor of r and 600.
24
Let o be (-1)/(-8)*-2 - (-2961)/36. Calculate the highest common divisor of o and 369.
41
Suppose -5 - 11 = -2*s. Let t be (-4)/s - (-1)/(-2). Let i be ((-56)/(-20))/(t/(-20)). Calculate the greatest common factor of 8 and i.
8
Let h be 665 + (0/(-2) - 5). Suppose -10*f + h = f. What is the highest common divisor of 24 and f?
12
Let v = 165 - 159. Let h(u) = -45*u + 1. Let m be h(1). Let l = -14 - m. What is the highest common divisor of l and v?
6
Let b = -51 - -27. Let m = b + 46. What is the highest common factor of 154 and m?
22
Let f be (-2 + -14)*(-21)/14. What is the greatest common factor of f and 162?
6
Suppose 2*t = -t - 126. Let n = t - -66. What is the greatest common divisor of n and 12?
12
Let r be 52/((3 - 8) + 7). Suppose 3*t + 3*f = -198, -t - 5*f = 83 - 17. Let h = -1 - t. What is the highest common factor of r and h?
13
Let r(c) = c + 56. Let h be r(-11). Let x be ((-18)/1)/(-2) - 0. What is the highest common divisor of x and h?
9
Let v be (-4)/(-1) + -1 + 3. Let j = -34 - -50. Let n = -10 + j. What is the highest common divisor of n and v?
6
Suppose 49*x - 10 = 47*x. Suppose -6*c + 5*c = x*g - 95, -g = 4*c - 38. Calculate the greatest common divisor of 45 and g.
9
Suppose -n + 4*x - 39 = -2*n, -2*n = -2*x - 68. Let v = n + -8. Suppose -k + 4*h + 31 = 5, k + 3*h - 12 = 0. What is the greatest common divisor of k and v?
9
Let g(z) = 128*z**2 - 129*z**2 - 3*z - 1 + 2 - 17*z. Let s be g(-9). What is the greatest common divisor of s and 20?
20
Suppose -11 = -2*l + l - v, 0 = -3*l + 4*v + 19. Suppose 0 = -18830*a + 18838*a - 576. Calculate the highest common divisor of l and a.
9
Suppose 3*w + 86 = 2*i, 5*w = 6*w - 4. What is the greatest common divisor of i and 98?
49
Let p = 328 - 266. Calculate the highest common factor of p and 341.
31
Let a(o) = -o**3 + 4*o**2 + o - 7. Let f be a(-4). What is the highest common divisor of 429 and f?
39
Let u(o) = 79*o**2 - 4*o + 7. Let d be u(2). Calculate the highest common factor of d and 18.
9
Let x(i) = 7*i**2 - 14*i - 5. Let a be x(5). What is the greatest common factor of a and 20?
20
Suppose 216*n + 304 = 220*n. What is the highest common divisor of n and 95?
19
Suppose 0 = -18*j - 1234 - 386. Let i = j - -110. What is the greatest common divisor of 100 and i?
20
Let l = -766 + 1042. What is the greatest common divisor of l and 92?
92
Let o(x) = -x**3 + 4*x**2 + 4*x - 10. Let j be o(4). Let q = 1 + j. Calculate the greatest common factor of q and 14.
7
Suppose -13*r + 16*r - 1365 = 0. What is the greatest common divisor of 13 and r?
13
Let i(c) = -c**2 + 15*c + 14. Suppose 0 = -6*a + 3*a + 42. Let u be i(a). Suppose -4*x - u = -228. What is the highest common divisor of x and 20?
10
Let r = 89 + -54. Suppose 5*l = -5*o + r, -2*l = -3*o + 4*o - 12. Suppose 2*t - 5*b = 8, -3*b - 41 = -l*t - 2. What is the greatest common factor of t and 54?
9
Suppose 3*v - 22 - 85 = 2*l, -4*v + 5*l = -138. Let n(f) = -2*f**2 + 41*f + 54. Let i be n(20). What is the greatest common factor of i and v?
37
Let y = 18 - -9. Let a(j) = -j**2 - j + 7. Let d be a(0). Let h be 0 - (2 - d) - 2. What is the greatest common divisor of h and y?
3
Let q be 1/((12/152)/3). Let b = q - 23. Suppose 7*h = 3*h - 8, 3*i + h = 43. Calculate the greatest common divisor of i and b.
15
Suppose 0*q = -3*q - 12, -4*d + 4*q = -52. Suppose l - a - 49 = 0, 24 = 4*l + a - 197. Let p be 660/l + (-2)/d. What is the greatest common divisor of p and 84?
12
Let h be (-1976)/(-364)*(-14)/(-4). Calculate the highest common divisor of h and 38.
19
Let g(a) = -a**2 + 17*a - 15. Let c be (10/(-6)*3)/((-4)/12). Let k be g(c). What is the greatest common divisor of k and 20?
5
Let c be (8/3 - 2)*-96. Let f = c - -106. Calculate the highest common factor of 14 and f.
14
Suppose 67*y = 70*y - m - 623, -2*m = -5*y + 1038. What is the greatest common divisor of 160 and y?
16
Suppose 3*d - 938 = 634. Suppose -4*h + 656 = -d. What is the highest common divisor of h and 59?
59
Let q be ((-4)/14)/(-2) + (-797)/(-7). Calculate the highest common factor of q and 6.
6
Suppose 9*f - 236 = -74. What is the highest common divisor of f and 45?
9
Suppose 0 = 3*c + 3*s + 39, c - 7 = 3*s - 0. Let d(t) = -t**2 - 10*t - 7. Let b be d(c). Calculate the greate